{"id":10,"date":"2016-04-13T20:59:33","date_gmt":"2016-04-13T20:59:33","guid":{"rendered":"http:\/\/www.utsnitt.no\/?page_id=10"},"modified":"2016-04-13T20:59:33","modified_gmt":"2016-04-13T20:59:33","slug":"om-utsnitt-no","status":"publish","type":"page","link":"https:\/\/www.utsnitt.no\/?page_id=10","title":{"rendered":"Om utsnitt.no"},"content":{"rendered":"<p><span style=\"font-weight: 400;\">Hei du, og s\u00e5 fint at du titter innom! Sidene v\u00e5re er helt nyoppussede og vi er veldig stolte av resultatet. N\u00e5 kan du bes\u00f8ke oss fra alle moderne enheter, som smarttelefoner, nettbrett og lignende. Uansett hva du velger, vil leseopplevelsen v\u00e6re like bra. Det har nemlig Arne Pettersen s\u00f8rget for, mannen som har designet v\u00e5re nye sider.<\/span><\/p>\n<p><span style=\"font-weight: 400;\">Resultatet har du foran deg. Vi h\u00e5per du blir like forn\u00f8yd som oss. Dersom du har sp\u00f8rsm\u00e5l eller \u00f8nsker \u00e5 komme med tilbakemeldinger, er det bare \u00e5 ta kontakt med oss. Vi gleder oss til \u00e5 h\u00f8re fra nettopp deg.<\/span><\/p>\n<p><span style=\"font-weight: 400;\">Vi \u00f8nsker ogs\u00e5 \u00e5 informere om at siden v\u00e5r driftes av Mirage A\/S. Dette er et stort, norsk selskap som jobber med spennende ting som webutvikling og drift av nettsider.<\/span><\/p>\n","protected":false},"excerpt":{"rendered":"<p>Hei du, og s\u00e5 fint at du titter innom! Sidene v\u00e5re er helt nyoppussede og vi er veldig stolte av resultatet. N\u00e5 kan du bes\u00f8ke oss fra alle moderne enheter, som smarttelefoner, nettbrett og lignende. Uansett hva du velger, vil leseopplevelsen v\u00e6re like bra. Det har nemlig Arne Pettersen s\u00f8rget for, mannen som har designet &#8230; <span class=\"more\"><a class=\"more-link\" href=\"https:\/\/www.utsnitt.no\/?page_id=10\">[Read more&#8230;]<\/a><\/span><\/p>\n","protected":false},"author":2,"featured_media":0,"parent":0,"menu_order":0,"comment_status":"closed","ping_status":"closed","template":"","meta":{"footnotes":""},"class_list":["entry","page","publish","author-marie","post-10"],"yoast_head":"<!-- This site is optimized with the Yoast SEO plugin v27.4 - https:\/\/yoast.com\/product\/yoast-seo-wordpress\/ -->\n<title>Om utsnitt.no - Utsnitt.no<\/title>\n<meta name=\"robots\" content=\"index, follow, max-snippet:-1, max-image-preview:large, max-video-preview:-1\" \/>\n<link rel=\"canonical\" href=\"https:\/\/www.utsnitt.no\/?page_id=10\" \/>\n<meta property=\"og:locale\" content=\"en_US\" \/>\n<meta property=\"og:type\" content=\"article\" \/>\n<meta property=\"og:title\" content=\"Om utsnitt.no - Utsnitt.no\" \/>\n<meta property=\"og:description\" content=\"Hei du, og s\u00e5 fint at du titter innom! Sidene v\u00e5re er helt nyoppussede og vi er veldig stolte av resultatet. N\u00e5 kan du bes\u00f8ke oss fra alle moderne enheter, som smarttelefoner, nettbrett og lignende. Uansett hva du velger, vil leseopplevelsen v\u00e6re like bra. Det har nemlig Arne Pettersen s\u00f8rget for, mannen som har designet ... [Read more...]\" \/>\n<meta property=\"og:url\" content=\"https:\/\/www.utsnitt.no\/?page_id=10\" \/>\n<meta property=\"og:site_name\" content=\"Utsnitt.no\" \/>\n<meta name=\"twitter:card\" content=\"summary_large_image\" \/>\n<meta name=\"twitter:label1\" content=\"Est. reading time\" \/>\n\t<meta name=\"twitter:data1\" content=\"1 minute\" \/>\n<script type=\"application\/ld+json\" class=\"yoast-schema-graph\">{\"@context\":\"https:\\\/\\\/schema.org\",\"@graph\":[{\"@type\":\"WebPage\",\"@id\":\"https:\\\/\\\/www.utsnitt.no\\\/?page_id=10\",\"url\":\"https:\\\/\\\/www.utsnitt.no\\\/?page_id=10\",\"name\":\"Om utsnitt.no - Utsnitt.no\",\"isPartOf\":{\"@id\":\"https:\\\/\\\/www.utsnitt.no\\\/#website\"},\"datePublished\":\"2016-04-13T20:59:33+00:00\",\"breadcrumb\":{\"@id\":\"https:\\\/\\\/www.utsnitt.no\\\/?page_id=10#breadcrumb\"},\"inLanguage\":\"en-US\",\"potentialAction\":[{\"@type\":\"ReadAction\",\"target\":[\"https:\\\/\\\/www.utsnitt.no\\\/?page_id=10\"]}]},{\"@type\":\"BreadcrumbList\",\"@id\":\"https:\\\/\\\/www.utsnitt.no\\\/?page_id=10#breadcrumb\",\"itemListElement\":[{\"@type\":\"ListItem\",\"position\":1,\"name\":\"Home\",\"item\":\"https:\\\/\\\/www.utsnitt.no\\\/\"},{\"@type\":\"ListItem\",\"position\":2,\"name\":\"Om utsnitt.no\"}]},{\"@type\":\"WebSite\",\"@id\":\"https:\\\/\\\/www.utsnitt.no\\\/#website\",\"url\":\"https:\\\/\\\/www.utsnitt.no\\\/\",\"name\":\"Utsnitt.no\",\"description\":\"Finans, kredittkort og &oslash;konomi\",\"potentialAction\":[{\"@type\":\"SearchAction\",\"target\":{\"@type\":\"EntryPoint\",\"urlTemplate\":\"https:\\\/\\\/www.utsnitt.no\\\/?s={search_term_string}\"},\"query-input\":{\"@type\":\"PropertyValueSpecification\",\"valueRequired\":true,\"valueName\":\"search_term_string\"}}],\"inLanguage\":\"en-US\"}]}<\/script>\n<!-- \/ Yoast SEO plugin. -->","yoast_head_json":{"title":"Om utsnitt.no - Utsnitt.no","robots":{"index":"index","follow":"follow","max-snippet":"max-snippet:-1","max-image-preview":"max-image-preview:large","max-video-preview":"max-video-preview:-1"},"canonical":"https:\/\/www.utsnitt.no\/?page_id=10","og_locale":"en_US","og_type":"article","og_title":"Om utsnitt.no - Utsnitt.no","og_description":"Hei du, og s\u00e5 fint at du titter innom! Sidene v\u00e5re er helt nyoppussede og vi er veldig stolte av resultatet. N\u00e5 kan du bes\u00f8ke oss fra alle moderne enheter, som smarttelefoner, nettbrett og lignende. Uansett hva du velger, vil leseopplevelsen v\u00e6re like bra. Det har nemlig Arne Pettersen s\u00f8rget for, mannen som har designet ... [Read more...]","og_url":"https:\/\/www.utsnitt.no\/?page_id=10","og_site_name":"Utsnitt.no","twitter_card":"summary_large_image","twitter_misc":{"Est. reading time":"1 minute"},"schema":{"@context":"https:\/\/schema.org","@graph":[{"@type":"WebPage","@id":"https:\/\/www.utsnitt.no\/?page_id=10","url":"https:\/\/www.utsnitt.no\/?page_id=10","name":"Om utsnitt.no - Utsnitt.no","isPartOf":{"@id":"https:\/\/www.utsnitt.no\/#website"},"datePublished":"2016-04-13T20:59:33+00:00","breadcrumb":{"@id":"https:\/\/www.utsnitt.no\/?page_id=10#breadcrumb"},"inLanguage":"en-US","potentialAction":[{"@type":"ReadAction","target":["https:\/\/www.utsnitt.no\/?page_id=10"]}]},{"@type":"BreadcrumbList","@id":"https:\/\/www.utsnitt.no\/?page_id=10#breadcrumb","itemListElement":[{"@type":"ListItem","position":1,"name":"Home","item":"https:\/\/www.utsnitt.no\/"},{"@type":"ListItem","position":2,"name":"Om utsnitt.no"}]},{"@type":"WebSite","@id":"https:\/\/www.utsnitt.no\/#website","url":"https:\/\/www.utsnitt.no\/","name":"Utsnitt.no","description":"Finans, kredittkort og &oslash;konomi","potentialAction":[{"@type":"SearchAction","target":{"@type":"EntryPoint","urlTemplate":"https:\/\/www.utsnitt.no\/?s={search_term_string}"},"query-input":{"@type":"PropertyValueSpecification","valueRequired":true,"valueName":"search_term_string"}}],"inLanguage":"en-US"}]}},"_links":{"self":[{"href":"https:\/\/www.utsnitt.no\/index.php?rest_route=\/wp\/v2\/pages\/10","targetHints":{"allow":["GET"]}}],"collection":[{"href":"https:\/\/www.utsnitt.no\/index.php?rest_route=\/wp\/v2\/pages"}],"about":[{"href":"https:\/\/www.utsnitt.no\/index.php?rest_route=\/wp\/v2\/types\/page"}],"author":[{"embeddable":true,"href":"https:\/\/www.utsnitt.no\/index.php?rest_route=\/wp\/v2\/users\/2"}],"replies":[{"embeddable":true,"href":"https:\/\/www.utsnitt.no\/index.php?rest_route=%2Fwp%2Fv2%2Fcomments&post=10"}],"version-history":[{"count":1,"href":"https:\/\/www.utsnitt.no\/index.php?rest_route=\/wp\/v2\/pages\/10\/revisions"}],"predecessor-version":[{"id":11,"href":"https:\/\/www.utsnitt.no\/index.php?rest_route=\/wp\/v2\/pages\/10\/revisions\/11"}],"wp:attachment":[{"href":"https:\/\/www.utsnitt.no\/index.php?rest_route=%2Fwp%2Fv2%2Fmedia&parent=10"}],"curies":[{"name":"wp","href":"https:\/\/api.w.org\/{rel}","templated":true}]}}