{"id":26,"date":"2016-04-13T21:17:00","date_gmt":"2016-04-13T21:17:00","guid":{"rendered":"http:\/\/www.utsnitt.no\/?page_id=26"},"modified":"2016-04-13T21:19:45","modified_gmt":"2016-04-13T21:19:45","slug":"fem-tips-du-tar-opp-et-forbrukslan","status":"publish","type":"page","link":"https:\/\/www.utsnitt.no\/?page_id=26","title":{"rendered":"Fem tips f\u00f8r du tar opp et forbruksl\u00e5n"},"content":{"rendered":"<p><span style=\"font-weight: 400;\">Dersom du skal pusse opp boligen din, kj\u00f8pe nytt kj\u00f8leskap eller rett og slett bare trenger en bedre ferie, kan det v\u00e6re lurt \u00e5 ta opp et forbruksl\u00e5n. Mange banker og finansinstitusjoner tilbyr <\/span><a href=\"http:\/\/www.xn--lnutensikkerhetguide-wzb.no\/\"><span style=\"font-weight: 400;\">forbruksl\u00e5n p\u00e5 dagen<\/span><\/a><span style=\"font-weight: 400;\">, i noen tilfeller opp mot en halv million. Kjappe penger virker n\u00e6rmest for godt til \u00e5 v\u00e6re sant og det er derfor viktig \u00e5 ta visse forh\u00e5ndsregler f\u00f8r du tar opp et eventuelt l\u00e5n. <\/span><\/p>\n<h2><span style=\"font-weight: 400;\">F\u00f8lg med p\u00e5 renten<\/span><\/h2>\n<p><span style=\"font-weight: 400;\">Renten p\u00e5 et forbruksl\u00e5n er h\u00f8yere enn ved for eksempel bil- og boligl\u00e5n. Denne kan ogs\u00e5 variere noe voldsomt fra bank til bank. Bit deg merke i hva den <\/span><b>effektive renten p\u00e5 l\u00e5net er<\/b><span style=\"font-weight: 400;\">, det er denne som utgj\u00f8r den faktiske kostnaden p\u00e5 l\u00e5net. <\/span><\/p>\n<p><span style=\"font-weight: 400;\">F\u00f8lg ogs\u00e5 med p\u00e5 om <\/span><a href=\"https:\/\/www.klp.no\/person\/bank\/alle-vare-boliglan\/fast-eller-flytende-rente-1.25219\"><span style=\"font-weight: 400;\">renten er fast eller flytende<\/span><\/a><span style=\"font-weight: 400;\">. Hvilket valg som her er best bestemmes ogs\u00e5 av andre faktorer, som lengden p\u00e5 l\u00e5net eller din finansielle situasjon. Er l\u00e5net lavere enn \u00e5rsinntekten din t\u00e5ler du gjerne at det svinger litt. <\/span><\/p>\n<h2><span style=\"font-weight: 400;\">Velg bank med omhu<\/span><\/h2>\n<p><span style=\"font-weight: 400;\"><img loading=\"lazy\" decoding=\"async\" class=\"alignnone size-large wp-image-28\" src=\"http:\/\/www.utsnitt.no\/wp-content\/uploads\/2016\/04\/paragraphen-rechtsanwalt-1024x359.jpg\" alt=\"paragraphen-rechtsanwalt\" width=\"700\" height=\"245\" srcset=\"https:\/\/www.utsnitt.no\/wp-content\/uploads\/2016\/04\/paragraphen-rechtsanwalt-1024x359.jpg 1024w, https:\/\/www.utsnitt.no\/wp-content\/uploads\/2016\/04\/paragraphen-rechtsanwalt-300x105.jpg 300w, https:\/\/www.utsnitt.no\/wp-content\/uploads\/2016\/04\/paragraphen-rechtsanwalt-768x269.jpg 768w\" sizes=\"auto, (max-width: 700px) 100vw, 700px\" \/><\/span><\/p>\n<p><span style=\"font-weight: 400;\">Husk at bankene tjener penger p\u00e5 at du l\u00e5ner penger av dem. Derfor er det viktig \u00e5 vite hvilke betingelser som gjelder for de ulike bankene, da i form av renter og avgifter, lengde p\u00e5 l\u00e5net eller andre vilk\u00e5r. Les l\u00e5nekravene godt og benytt deg av bankenes l\u00e5nekalkulatorer p\u00e5 nett for \u00e5 finne den banken som passer for dine behov. Man kan ogs\u00e5 benytte seg av l\u00e5neformidlere p\u00e5 nett. Disse forhandler frem det beste tilbudet for deg ved \u00e5 s\u00f8ke om l\u00e5n i flere banker. <\/span><\/p>\n<h2><span style=\"font-weight: 400;\">Trenger du virkelig et forbruksl\u00e5n? <\/span><\/h2>\n<p><span style=\"font-weight: 400;\">Skulle for eksempel vaskemaskinen g\u00e5 i stykker og du trenger penger kjapt er ikke n\u00f8dvendigvis et forbruksl\u00e5n det lureste. Dersom du har muligheten til \u00e5 betale tilbake bel\u00f8pet innen en kort periode (4-6 uker) b\u00f8r du kanskje vurdere \u00e5 ta regningen med et kredittkort i stedet. Ja, kredittkort er i bunn og grunn et l\u00e5n hos banken det ogs\u00e5, men det er rentefritt. Forskjellen her er at ved et forbruksl\u00e5n begynner renten \u00e5 l\u00f8pe fra dag \u00e9n, mens kredittkort kan ha rentefrie perioder p\u00e5 godt over en m\u00e5ned. <\/span><\/p>\n<p><span style=\"font-weight: 400;\">Raske penger frister, men ikke forhast deg av den grunn. Dersom du ikke trenger \u00e5 l\u00e5ne pengene med en gang kan det l\u00f8nne seg \u00e5 heller spare det bel\u00f8pet man hadde tenkt \u00e5 bruke p\u00e5 et forbruksl\u00e5n i m\u00e5neden. P\u00e5 denne m\u00e5ten kan man senere ta opp et mindre forbruksl\u00e5n og dermed betale mindre i renter enn i utgangspunktet. <\/span><\/p>\n<h2><span style=\"font-weight: 400;\">Ulike typer forbruksl\u00e5n<\/span><\/h2>\n<p><span style=\"font-weight: 400;\"><img loading=\"lazy\" decoding=\"async\" class=\"alignnone size-large wp-image-31\" src=\"http:\/\/www.utsnitt.no\/wp-content\/uploads\/2016\/04\/original-1024x327.jpg\" alt=\"original\" width=\"700\" height=\"224\" srcset=\"https:\/\/www.utsnitt.no\/wp-content\/uploads\/2016\/04\/original-1024x327.jpg 1024w, https:\/\/www.utsnitt.no\/wp-content\/uploads\/2016\/04\/original-300x96.jpg 300w, https:\/\/www.utsnitt.no\/wp-content\/uploads\/2016\/04\/original-768x245.jpg 768w, https:\/\/www.utsnitt.no\/wp-content\/uploads\/2016\/04\/original.jpg 1280w\" sizes=\"auto, (max-width: 700px) 100vw, 700px\" \/><\/span><\/p>\n<p><span style=\"font-weight: 400;\">Ikke alle forbruksl\u00e5n er like. Fleksible l\u00e5n gir deg mulighet til \u00e5 betale tilbake st\u00f8rre summer i m\u00e5neder hvor du har mer penger og vice versa. Slike l\u00e5n passer godt til personer med varierende inntekt, eller hvis du \u00f8nsker \u00e5 ha muligheten til \u00e5 prioritere annerledes en m\u00e5ned for \u00e5 nedbetale l\u00e5net kjappere. \u00a0Se gjerne <\/span><a href=\"http:\/\/www.xn--forbrukslnsammenligning-s8b.com\/\"><span style=\"font-weight: 400;\">Forbruksl\u00e5nsammenligning.com<\/span><\/a><span style=\"font-weight: 400;\"> for flere l\u00e5n og velge mellom.<\/span><\/p>\n<h2><span style=\"font-weight: 400;\">Tenk deg om<\/span><\/h2>\n<p><span style=\"font-weight: 400;\">Ikke ta opp et forbruksl\u00e5n med mindre du m\u00e5. Ved for eksempel oppussing av boligen l\u00f8nner det seg gjerne ofte heller \u00e5 ta en forlengelse av boligl\u00e5net enn \u00e5 g\u00e5 for et forbruksl\u00e5n. Sett opp et budsjett og legg inn alle dine m\u00e5nedlige inntekter og utgifter. Planlegg n\u00f8ye og gj\u00f8r en vurdering. Trenger du pengene til et nytte- eller luksusform\u00e5l? Forhandle ogs\u00e5 med banken. I noen tilfeller kan man ved nytteform\u00e5l f\u00e5 bedre vilk\u00e5r og lavere rente, i motsetning til et luksusform\u00e5l. <\/span><\/p>\n<p><b>Kilde:<\/b><\/p>\n<p><a href=\"http:\/\/www.xn--lnutensikkerhetguide-wzb.no\/\"><span style=\"font-weight: 400;\">www.l\u00e5nutensikkerhetguide.no<\/span><\/a><\/p>\n","protected":false},"excerpt":{"rendered":"<p>Dersom du skal pusse opp boligen din, kj\u00f8pe nytt kj\u00f8leskap eller rett og slett bare trenger en bedre ferie, kan det v\u00e6re lurt \u00e5 ta opp et forbruksl\u00e5n. Mange banker og finansinstitusjoner tilbyr forbruksl\u00e5n p\u00e5 dagen, i noen tilfeller opp mot en halv million. Kjappe penger virker n\u00e6rmest for godt til \u00e5 v\u00e6re sant og &#8230; <span class=\"more\"><a class=\"more-link\" href=\"https:\/\/www.utsnitt.no\/?page_id=26\">[Read more&#8230;]<\/a><\/span><\/p>\n","protected":false},"author":2,"featured_media":27,"parent":0,"menu_order":0,"comment_status":"closed","ping_status":"closed","template":"","meta":{"footnotes":""},"class_list":{"0":"entry","1":"page","2":"publish","3":"author-marie","4":"post-26","6":"has-post-thumbnail"},"yoast_head":"<!-- This site is optimized with the Yoast SEO plugin v27.4 - https:\/\/yoast.com\/product\/yoast-seo-wordpress\/ -->\n<title>Fem tips f\u00f8r du tar opp et forbruksl\u00e5n - Utsnitt.no<\/title>\n<meta name=\"robots\" content=\"index, follow, max-snippet:-1, max-image-preview:large, max-video-preview:-1\" \/>\n<link rel=\"canonical\" href=\"https:\/\/www.utsnitt.no\/?page_id=26\" \/>\n<meta property=\"og:locale\" content=\"en_US\" \/>\n<meta property=\"og:type\" content=\"article\" \/>\n<meta property=\"og:title\" content=\"Fem tips f\u00f8r du tar opp et forbruksl\u00e5n - Utsnitt.no\" \/>\n<meta property=\"og:description\" content=\"Dersom du skal pusse opp boligen din, kj\u00f8pe nytt kj\u00f8leskap eller rett og slett bare trenger en bedre ferie, kan det v\u00e6re lurt \u00e5 ta opp et forbruksl\u00e5n. Mange banker og finansinstitusjoner tilbyr forbruksl\u00e5n p\u00e5 dagen, i noen tilfeller opp mot en halv million. Kjappe penger virker n\u00e6rmest for godt til \u00e5 v\u00e6re sant og ... [Read more...]\" \/>\n<meta property=\"og:url\" content=\"https:\/\/www.utsnitt.no\/?page_id=26\" \/>\n<meta property=\"og:site_name\" content=\"Utsnitt.no\" \/>\n<meta property=\"article:modified_time\" content=\"2016-04-13T21:19:45+00:00\" \/>\n<meta property=\"og:image\" content=\"https:\/\/www.utsnitt.no\/wp-content\/uploads\/2016\/04\/Kredit-aufnehmen-f\u00fcr-Studenten.jpg\" \/>\n\t<meta property=\"og:image:width\" content=\"1378\" \/>\n\t<meta property=\"og:image:height\" content=\"856\" \/>\n\t<meta property=\"og:image:type\" content=\"image\/jpeg\" \/>\n<meta name=\"twitter:card\" content=\"summary_large_image\" \/>\n<meta name=\"twitter:label1\" content=\"Est. reading time\" \/>\n\t<meta name=\"twitter:data1\" content=\"3 minutes\" \/>\n<script type=\"application\/ld+json\" class=\"yoast-schema-graph\">{\"@context\":\"https:\\\/\\\/schema.org\",\"@graph\":[{\"@type\":\"WebPage\",\"@id\":\"https:\\\/\\\/www.utsnitt.no\\\/?page_id=26\",\"url\":\"https:\\\/\\\/www.utsnitt.no\\\/?page_id=26\",\"name\":\"Fem tips f\u00f8r du tar opp et forbruksl\u00e5n - Utsnitt.no\",\"isPartOf\":{\"@id\":\"https:\\\/\\\/www.utsnitt.no\\\/#website\"},\"primaryImageOfPage\":{\"@id\":\"https:\\\/\\\/www.utsnitt.no\\\/?page_id=26#primaryimage\"},\"image\":{\"@id\":\"https:\\\/\\\/www.utsnitt.no\\\/?page_id=26#primaryimage\"},\"thumbnailUrl\":\"https:\\\/\\\/www.utsnitt.no\\\/wp-content\\\/uploads\\\/2016\\\/04\\\/Kredit-aufnehmen-f\u00fcr-Studenten.jpg\",\"datePublished\":\"2016-04-13T21:17:00+00:00\",\"dateModified\":\"2016-04-13T21:19:45+00:00\",\"breadcrumb\":{\"@id\":\"https:\\\/\\\/www.utsnitt.no\\\/?page_id=26#breadcrumb\"},\"inLanguage\":\"en-US\",\"potentialAction\":[{\"@type\":\"ReadAction\",\"target\":[\"https:\\\/\\\/www.utsnitt.no\\\/?page_id=26\"]}]},{\"@type\":\"ImageObject\",\"inLanguage\":\"en-US\",\"@id\":\"https:\\\/\\\/www.utsnitt.no\\\/?page_id=26#primaryimage\",\"url\":\"https:\\\/\\\/www.utsnitt.no\\\/wp-content\\\/uploads\\\/2016\\\/04\\\/Kredit-aufnehmen-f\u00fcr-Studenten.jpg\",\"contentUrl\":\"https:\\\/\\\/www.utsnitt.no\\\/wp-content\\\/uploads\\\/2016\\\/04\\\/Kredit-aufnehmen-f\u00fcr-Studenten.jpg\",\"width\":1378,\"height\":856},{\"@type\":\"BreadcrumbList\",\"@id\":\"https:\\\/\\\/www.utsnitt.no\\\/?page_id=26#breadcrumb\",\"itemListElement\":[{\"@type\":\"ListItem\",\"position\":1,\"name\":\"Home\",\"item\":\"https:\\\/\\\/www.utsnitt.no\\\/\"},{\"@type\":\"ListItem\",\"position\":2,\"name\":\"Fem tips f\u00f8r du tar opp et forbruksl\u00e5n\"}]},{\"@type\":\"WebSite\",\"@id\":\"https:\\\/\\\/www.utsnitt.no\\\/#website\",\"url\":\"https:\\\/\\\/www.utsnitt.no\\\/\",\"name\":\"Utsnitt.no\",\"description\":\"Finans, kredittkort og &oslash;konomi\",\"potentialAction\":[{\"@type\":\"SearchAction\",\"target\":{\"@type\":\"EntryPoint\",\"urlTemplate\":\"https:\\\/\\\/www.utsnitt.no\\\/?s={search_term_string}\"},\"query-input\":{\"@type\":\"PropertyValueSpecification\",\"valueRequired\":true,\"valueName\":\"search_term_string\"}}],\"inLanguage\":\"en-US\"}]}<\/script>\n<!-- \/ Yoast SEO plugin. -->","yoast_head_json":{"title":"Fem tips f\u00f8r du tar opp et forbruksl\u00e5n - Utsnitt.no","robots":{"index":"index","follow":"follow","max-snippet":"max-snippet:-1","max-image-preview":"max-image-preview:large","max-video-preview":"max-video-preview:-1"},"canonical":"https:\/\/www.utsnitt.no\/?page_id=26","og_locale":"en_US","og_type":"article","og_title":"Fem tips f\u00f8r du tar opp et forbruksl\u00e5n - Utsnitt.no","og_description":"Dersom du skal pusse opp boligen din, kj\u00f8pe nytt kj\u00f8leskap eller rett og slett bare trenger en bedre ferie, kan det v\u00e6re lurt \u00e5 ta opp et forbruksl\u00e5n. Mange banker og finansinstitusjoner tilbyr forbruksl\u00e5n p\u00e5 dagen, i noen tilfeller opp mot en halv million. Kjappe penger virker n\u00e6rmest for godt til \u00e5 v\u00e6re sant og ... [Read more...]","og_url":"https:\/\/www.utsnitt.no\/?page_id=26","og_site_name":"Utsnitt.no","article_modified_time":"2016-04-13T21:19:45+00:00","og_image":[{"width":1378,"height":856,"url":"https:\/\/www.utsnitt.no\/wp-content\/uploads\/2016\/04\/Kredit-aufnehmen-f\u00fcr-Studenten.jpg","type":"image\/jpeg"}],"twitter_card":"summary_large_image","twitter_misc":{"Est. reading time":"3 minutes"},"schema":{"@context":"https:\/\/schema.org","@graph":[{"@type":"WebPage","@id":"https:\/\/www.utsnitt.no\/?page_id=26","url":"https:\/\/www.utsnitt.no\/?page_id=26","name":"Fem tips f\u00f8r du tar opp et forbruksl\u00e5n - Utsnitt.no","isPartOf":{"@id":"https:\/\/www.utsnitt.no\/#website"},"primaryImageOfPage":{"@id":"https:\/\/www.utsnitt.no\/?page_id=26#primaryimage"},"image":{"@id":"https:\/\/www.utsnitt.no\/?page_id=26#primaryimage"},"thumbnailUrl":"https:\/\/www.utsnitt.no\/wp-content\/uploads\/2016\/04\/Kredit-aufnehmen-f\u00fcr-Studenten.jpg","datePublished":"2016-04-13T21:17:00+00:00","dateModified":"2016-04-13T21:19:45+00:00","breadcrumb":{"@id":"https:\/\/www.utsnitt.no\/?page_id=26#breadcrumb"},"inLanguage":"en-US","potentialAction":[{"@type":"ReadAction","target":["https:\/\/www.utsnitt.no\/?page_id=26"]}]},{"@type":"ImageObject","inLanguage":"en-US","@id":"https:\/\/www.utsnitt.no\/?page_id=26#primaryimage","url":"https:\/\/www.utsnitt.no\/wp-content\/uploads\/2016\/04\/Kredit-aufnehmen-f\u00fcr-Studenten.jpg","contentUrl":"https:\/\/www.utsnitt.no\/wp-content\/uploads\/2016\/04\/Kredit-aufnehmen-f\u00fcr-Studenten.jpg","width":1378,"height":856},{"@type":"BreadcrumbList","@id":"https:\/\/www.utsnitt.no\/?page_id=26#breadcrumb","itemListElement":[{"@type":"ListItem","position":1,"name":"Home","item":"https:\/\/www.utsnitt.no\/"},{"@type":"ListItem","position":2,"name":"Fem tips f\u00f8r du tar opp et forbruksl\u00e5n"}]},{"@type":"WebSite","@id":"https:\/\/www.utsnitt.no\/#website","url":"https:\/\/www.utsnitt.no\/","name":"Utsnitt.no","description":"Finans, kredittkort og &oslash;konomi","potentialAction":[{"@type":"SearchAction","target":{"@type":"EntryPoint","urlTemplate":"https:\/\/www.utsnitt.no\/?s={search_term_string}"},"query-input":{"@type":"PropertyValueSpecification","valueRequired":true,"valueName":"search_term_string"}}],"inLanguage":"en-US"}]}},"_links":{"self":[{"href":"https:\/\/www.utsnitt.no\/index.php?rest_route=\/wp\/v2\/pages\/26","targetHints":{"allow":["GET"]}}],"collection":[{"href":"https:\/\/www.utsnitt.no\/index.php?rest_route=\/wp\/v2\/pages"}],"about":[{"href":"https:\/\/www.utsnitt.no\/index.php?rest_route=\/wp\/v2\/types\/page"}],"author":[{"embeddable":true,"href":"https:\/\/www.utsnitt.no\/index.php?rest_route=\/wp\/v2\/users\/2"}],"replies":[{"embeddable":true,"href":"https:\/\/www.utsnitt.no\/index.php?rest_route=%2Fwp%2Fv2%2Fcomments&post=26"}],"version-history":[{"count":3,"href":"https:\/\/www.utsnitt.no\/index.php?rest_route=\/wp\/v2\/pages\/26\/revisions"}],"predecessor-version":[{"id":30,"href":"https:\/\/www.utsnitt.no\/index.php?rest_route=\/wp\/v2\/pages\/26\/revisions\/30"}],"wp:featuredmedia":[{"embeddable":true,"href":"https:\/\/www.utsnitt.no\/index.php?rest_route=\/wp\/v2\/media\/27"}],"wp:attachment":[{"href":"https:\/\/www.utsnitt.no\/index.php?rest_route=%2Fwp%2Fv2%2Fmedia&parent=26"}],"curies":[{"name":"wp","href":"https:\/\/api.w.org\/{rel}","templated":true}]}}